Let k(a) = -11*a**2 + 288*a - 55. Let z(b) = 2*k(b) + 9*v(b). Determine z(13).
15
Let t be (-202 - -193)*(-10)/6. Let s(o) be the third derivative of 0*o - 1/24*o**4 - t*o**2 + 5/3*o**3 + 0. Calculate s(7).
3
Let v(r) = -r**2 - 8*r - 9. Let m(g) = -g**2 - 8*g - 9. Let p(k) = 5*m(k) - 6*v(k). Let b be (-9 - (1 - -3))*1 + 60/10. Determine p(b).
2
Let s(h) = -9*h + 33. Let w(u) = -4*u + 17. Let l(j) = -3*s(j) + 5*w(j). Let d(m) = 38*m - 69. Let x(z) = -2*d(z) + 11*l(z). What is x(8)?
-8
Suppose 488*p = 615*p + 762. Let i(j) = j**3 + 8*j**2 + 17*j + 34. What is i(p)?
4
Suppose 2*x = 639*a - 644*a - 23, -3*x - 29 = 2*a. Let t(y) = 3*y**2 - 14*y - 5. Let q(i) = i**2 - i. Let f(l) = -4*q(l) + t(l). Determine f(x).
4
Let a(l) = -6*l**2 - 9*l - 11. Let o be a(-1). Let q(p) = 2*p**2 + 20*p + 15. Determine q(o).
-17
Let h(l) = 6*l - 3*l**2 - 9 - 7*l + 2*l**2 + 9*l - 11*l. Determine h(-9).
-63
Let h be (1 - 2)*99/(-33). Let l(z) = z**2 + 1 + z**h + 3*z**2 - 4*z**2 + 2*z + 2*z**2. Determine l(-2).
-3
Let z(r) = r**3 + r**2 - r - 1. Let k(g) = 192*g - 189*g + 13*g**2 - 3*g**3 - 2 - 6*g**2. Let h(x) = -k(x) - 2*z(x). Determine h(9).
-5
Let g(m) = m - 2. Let o = 19158 + -19155. What is g(o)?
1
Let d(c) be the second derivative of -c**5/30 - c**4/12 + 2*c**3/3 + 24*c**2 + 32*c + 1. Let s(w) be the first derivative of d(w). Calculate s(-4).
-20
Let u(w) = -50*w - 52*w**2 - 44*w**2 + 142*w**2 - 31 + 7 - 48*w**2. Determine u(-25).
-24
Let p(y) be the third derivative of 0 + 1/24*y**4 - 3*y**2 + y - 11/6*y**3. Give p(-6).
-17
Suppose 20*t - 53 = 10*t + 27. Let n(i) be the third derivative of i**5/60 - i**4/2 - 5*i**3/3 + i**2. What is n(t)?
-42
Let z(p) = 24*p + 20*p + 6 + 32*p - 98*p + 23*p. Let m(h) be the first derivative of -h**4/4 - 2*h**3 - 3*h**2/2 + h - 1. Let v be m(-5). Give z(v).
-3
Let b(o) = -2*o**2 - 36*o + 64. Suppose -3*x + g - 58 = 0, -50 = 1786*x - 1783*x - 5*g. Determine b(x).
-16
Let j(f) = -3*f + 6 + 0 + 0. Let z = -53 + 58. Suppose -22 = -z*s - 2. Give j(s).
-6
Let n = -566 - -557. Let w(t) = -17*t - 146. Let m be w(n). Let d(f) be the third derivative of -f**5/60 + f**4/4 + 2*f**3/3 - f**2. Give d(m).
-3
Let j(u) = u**3 - u**2 - 89*u + 9. Let c be j(-9). Let f(n) = -2*n**2 - 3. Calculate f(c).
-3
Let w(o) be the first derivative of -5/3*o**3 + 2*o - 1/4*o**4 + 80 + 3/2*o**2. Determine w(-5).
-13
Suppose 32*t + 16163 = -4381. Let v = 645 + t. Let x(s) = 4 - 4 + 3*s. Determine x(v).
9
Suppose -3*l = -l, 5*l = -4*x. Let y(s) = 4*s - 12. Let q(w) be the second derivative of -w**3/6 + 5*w**2/2 + 21*w. Let z(d) = -7*q(d) - 2*y(d). Give z(x).
-11
Let h(r) = r**2 + 11*r + 10. Suppose 0 = f - 2*g + 2, -f - 4*g - 4 = 16. Calculate h(f).
-14
Let n be (-7)/2*8/(-14). Suppose -n*p = 9*p. Suppose -3*d + 21 = x + x, d + 5*x - 7 = p. Let f(b) = -b + 3. Calculate f(d).
-4
Let q(n) = -11*n + 184*n**2 - 36*n - 23 + 192*n**2 - 393*n**2. Let k(d) = -5*d**2 - 15*d - 8. Let j(m) = -7*k(m) + 2*q(m). Calculate j(-7).
-18
Let c(i) = -7*i**3 - 8*i**2 + 55*i - 6. Let o(g) = -3*g**3 - 4*g**2 + 21*g - 3. Let v(z) = -2*c(z) + 5*o(z). Suppose -2*y + 3 = -3*y. Determine v(y).
3
Suppose -6*u - 9*u + 30 = 0. Let y(r) = u + 4 + 4*r + 1 - 2. Determine y(4).
21
Let b(r) = -86*r - 2664. Let o be b(-31). Let v(l) = 3*l**3 - l**2 - l + 2. Determine v(o).
20
Let v be (-24)/42*12/((-36)/(-147)). Let f(h) = 2*h**3 + 55*h**2 - 29*h - 8. What is f(v)?
20
Let l(x) = x**3 + 20*x**2 + 17*x - 28. Let b be l(-19). Let r be (-24)/(-3)*b/2. Let d be (r/60)/(1 - 4/6). Let m(q) = -2*q**3 + q**2 - 2*q. Determine m(d).
-16
Suppose 2*c - 7*c = -7980. Let p be c/(-171) + 1 + 2/(-3). Let h(b) = b**2 + 6*b - 3. Calculate h(p).
24
Suppose -75*q + 78*q = -3*w + 33, 2*q - 7 = w. Let v(l) = q*l - l + 3*l + 1 - 19*l + 3*l. Suppose 2*o = -s + o + 6, 4*o = -3*s + 23. Calculate v(s).
-7
Let y(w) = w**3 - 8*w**2 - 5*w + 44. Suppose 2*b + 4*x - 9 = 3, 0 = -5*b + 11*x + 51. Give y(b).
4
Let n(v) = 15*v**2 - 2*v + 1. Suppose 63*i = 52*i + 44. Suppose -12 = -2*o + k + k, 0 = -i*o - k - 1. Determine n(o).
14
Let d(i) = 5 - 3 + 3*i - i**2 + 0*i**2. Suppose 16*w = -4*r + 11*w + 54, 2*w + 4 = 0. Suppose -8*o - 32 = -r. What is d(o)?
-8
Let j(x) = 105*x + 73. Let t(a) = -289*a - 216. Let m(k) = -11*j(k) - 4*t(k). Calculate m(18).
79
Let g(j) = -j - 19. Let x = 1025 - 1043. Give g(x).
-1
Let a(c) = -c + 2. Let m be (-182)/(-6) - 1 - (-19)/(-57). Suppose -b = -r + 6*r + m, 8 = -2*b. Give a(r).
7
Let v(z) = -z**3 + z. Let s(y) = 4*y**3 + 5*y**2 - 7*y - 5. Let m(t) = -s(t) - 5*v(t). Let x(k) = 2*k - 21. Let f be x(13). Suppose 6*w - f - 19 = 0. Give m(w).
-3
Let s(h) = -93 + 67 - 21*h - 123 - 103 + 2*h**2. Give s(-7).
-7
Suppose 4*q - 69 = 5*d, 321 = -2*d - 4*q + 299. Let w(p) = p**3 + 11*p**2 - 25*p + 10. What is w(d)?
-3
Let k(z) be the first derivative of 14*z**3/3 + 13*z**2/2 + 13*z - 1760. What is k(-1)?
14
Let f(i) = -i**3 - i**2 + 10*i + 2. Let v(z) = z**3 + z**2 - 23*z - 2. Let u(w) = 2*f(w) + v(w). Let b(l) = -l**2 - 6*l + 4. Let p be b(-7). Determine u(p).
29
Let j(b) = -128*b - 48 + 13*b - 80 + 149*b + 12 - b**2. Calculate j(4).
4
Let i(v) = 0*v - 2*v + 5 + 4*v. Let c be i(-5). Let k(g) = -5*g + 11. Let r(j) = 11*j - 31. Let f(w) = 5*k(w) + 2*r(w). Give f(c).
8
Let i be -4 + 5 + (-8)/(-8). Let h(t) = -7 - 3 - 8 + 2300*t + t**i - 2299*t. What is h(0)?
-18
Let s(d) = -5*d**3 + 6*d**2 - 2*d - 3. Let a(j) = 2*j**3 - j - 2. Let y(z) = 2*a(z) + s(z). What is y(3)?
8
Let p(g) = -3*g + 2 - 2*g**2 - g + 3*g. Suppose 2*m = 27 + 13. Let f = m - 18. Determine p(f).
-8
Suppose -8*s = -9*s - 4. Let q(t) = t**2 + 3*t - 11. Let g be q(s). Let m(k) = k**2 + 9*k + 2. Give m(g).
-12
Let f(h) = h**2 - 13*h + 18. Let g(b) = -b**2 + 13*b. Let y(q) = -f(q) - 2*g(q). Determine y(-2).
12
Let z(v) = 25*v - 20564*v**2 - 2*v**3 + 5*v**3 - 4*v**3 + 20587*v**2 + 2*v**3 + 59. Calculate z(-22).
-7
Suppose 3*j - 78 = -10*j. Let r(y) be the third derivative of -7/6*y**3 + 8*y**2 + 0*y - 1/60*y**5 + 0 + 1/3*y**4. Calculate r(j).
5
Let d(h) = h**2 + 75*h + 537. Let c be d(-8). Let o(t) = 50*t**3 - t**2 + 2*t - 1. What is o(c)?
50
Let o(s) = -38*s + 15*s + 9*s + 16*s - 3*s + 1. Suppose -4*q + 3*c = -71, -3*c = 4*q + 2*c - 95. Let n be (2/4)/((-2)/q). What is o(n)?
6
Let k(p) = p**2 + p. Suppose 0 = -n + 4, -2*n - 48 = r + n. Let u = r + 47. Let z = u + 12. Determine k(z).
0
Let h(f) = 9*f**2 + 19*f + 8. Let q(y) = -y**2 + 3. Let a(p) = h(p) + 8*q(p). What is a(-17)?
-2
Let u = 3400 - 3401. Let q(l) = 27*l + 22. Calculate q(u).
-5
Let i = 4446 - 4435. Let p(j) = -3*j**2 + 37*j - 18. Calculate p(i).
26
Let k = 69 + -67. Suppose 0 = k*a - 55 - 59. Let n(z) = -25*z + 1 + a*z - 24*z. Determine n(-2).
-15
Let i(d) = -193*d + 1280. Let f(s) = 196*s - 1264. Let x(j) = 2*f(j) + 3*i(j). Determine x(7).
3
Let m(v) = 32 + 45 + 6*v + 31 - 165. What is m(-6)?
-93
Let k(g) be the second derivative of -7*g**5/60 + g**4/12 + g**3/6 - 21*g**2 + g + 18. Let p(s) be the first derivative of k(s). Calculate p(-1).
-8
Let r = 889 - 876. Let t(m) = -6 + 11*m - 11*m - r*m**2 + m**3 + 10. Determine t(13).
4
Let j = 0 + 11. Let r(d) = 3 - 629*d - 7 + 630*d - 2. What is r(j)?
5
Let r(y) be the first derivative of 2*y**3/3 - 19*y**2/2 - 32*y - 381. What is r(11)?
1
Let v(a) be the second derivative of -a**7/2520 - a**6/180 + a**5/120 + 61*a**4/12 - 55*a. Let n(p) be the third derivative of v(p). Give n(-5).
-4
Let b(i) = -i**2 + i + 10. Let g = 1419 + -707. Let t = 712 - g. What is b(t)?
10
Let f(k) = 2*k**2 - 10*k - 17. Let v(s) = -551*s + 5521. Let r be v(10). Calculate f(r).
115
Let d = 625 - 633. Let t(j) = -5*j**2 - 4*j - 9. Let u(p) = -11*p**2 - 4*p - 7 - 3*p - 12. Let z(s) = -9*t(s) + 4*u(s). Determine z(d).
5
Let d = -198 - -369. Let o = -179 + d. Let x(u) = u**3 + 7*u**2 - 13*u - 9. Calculate x(o).
31
Suppose 6 = -3*f - 4*t, -2*f + 17 = -f - 5*t. Let s(l) = -46*l**2 + l + 39. Let j(x) = 10*x**2 - 9. Let y(c) = -9*j(c) - 2*s(c). Give y(f).
7
Let y(f) = -5*f + 26. Let b(i) = -8. Let u(q) = -2*b(q) + 2*y(q). What is u(7)?
-2
Suppose -5*y - 3*p = 32, 2*y + 0*p + 12 = -p. Let z(t) = -6*t + 9. Let r(x) = 7*x - 8. Let v(s) = -r(s) - z(s). Give v(y).
3
Let c(l) be the third derivative of -l**6/120 + 7*l**5/60 - l**4/8 + 5*l**3/3 + 530*l**2 + l - 1. Suppose -2*n - 3*z = -